= 2 + 14. Let a = -8 + 19. Let g be 882/a - 20/110. Calculate the greatest common divisor of g and i.
16
Let m = 32 + -28. Let d = 2 - 0. Suppose -3*z - 6*u = -11*u - 26, 0 = 3*z + 2*u + d. Calculate the highest common factor of z and m.
2
Let q(p) = -p - 5. Let o be (-10)/(-5) + -13 + -1. Let w be q(o). What is the greatest common divisor of w and 7?
7
Let h = -7 - -15. Suppose -2*i = 3*i + 3*u - 85, 3*u = -4*i + 65. What is the greatest common factor of h and i?
4
Suppose -5*o - l - 10 - 15 = 0, 3*l = -o - 19. Let s be (3 - 4) + 61 + o. What is the greatest common factor of s and 14?
14
Let m(w) = w**2 + 4*w - 13. Let y be m(-7). Calculate the greatest common divisor of y and 56.
8
Let n be (2 - 0)*22/4. Suppose -3*l - 2*s + 6*s - 312 = 0, 5*l - 2*s = -534. Let u = -75 - l. What is the greatest common divisor of n and u?
11
Suppose -t = -5*o + 36, -3*o + 6*t - t + 4 = 0. Calculate the highest common divisor of 12 and o.
4
Suppose 5*g + 4*b - 154 = 0, 0*b = g - 4*b - 26. Calculate the greatest common divisor of 10 and g.
10
Let d = 2 - 0. Suppose -v = 2*u - 127, 0 = 5*u - d*v - 2*v - 337. Suppose 0 = -m + u + 75. Calculate the greatest common divisor of 14 and m.
14
Let a(d) = 5*d - 5. Let t be a(4). Suppose 2*f - 6*f + 144 = 0. Let s be (f/(-30))/(4/(-10)). Calculate the highest common factor of s and t.
3
Let o(x) = -3*x - 19. Let i be o(-14). What is the greatest common divisor of 92 and i?
23
Suppose 2*c = 4*w - 2*w - 16, 0 = 3*w + 5*c. Suppose 6 = q + 5*l - 4, -70 = -5*q - w*l. What is the greatest common factor of 3 and q?
3
Let b(g) = 3*g + 71. Let i be b(-18). What is the greatest common factor of 187 and i?
17
Let z be 0 + 408/((-6)/(-2)). Suppose 3*u = 4*r - 305 - z, 0 = 2*r + u - 213. Calculate the highest common factor of 12 and r.
12
Suppose 0*a = -4*a + 16. Suppose -f + a*f = 192. Calculate the greatest common factor of f and 8.
8
Let k(b) = 13*b**2 - 3*b - 1. Let g be k(-1). Let j be 1*3/2*10. Let z be 33*(-3)/((-9)/j). Calculate the greatest common factor of z and g.
15
Let l = 104 - 34. Calculate the highest common divisor of l and 7.
7
Let f be (-2)/(-1) + 0 + -3. Let d be f + -1 + 1 + 177. Let c = -345 + 361. What is the greatest common factor of c and d?
16
Let i(k) = -k**3 - 4*k**2 - k. Let g be i(-4). Suppose -t - 5 = -3*m + 3*t, g*t = -3*m + 13. What is the highest common factor of 6 and m?
3
Suppose -76 - 44 = -2*a. Calculate the greatest common divisor of a and 150.
30
Let n be (8 + -18)/((-1)/5). Calculate the greatest common factor of n and 75.
25
Suppose -11*n + 6*n = -20. Suppose n*p + p = 125. Let i = -8 - -13. What is the greatest common factor of p and i?
5
Suppose 4*y - 9 - 39 = 0. Let k be 2 + -5 + (0 - -87). Calculate the greatest common factor of k and y.
12
Let i = 4 + 9. Calculate the highest common divisor of i and 39.
13
Suppose -7 - 8 = -3*i. Calculate the highest common factor of i and 5.
5
Suppose -5*u = 2*b - 804, 6*u = u - b + 807. Suppose 0*l - 9 = -l. Let j(h) = 2*h. Let f be j(l). What is the greatest common divisor of u and f?
18
Let a(p) = -p**3 + 5*p**2 - 5*p + 4. Let c be a(4). Suppose 2*n - 4*z - 102 = -n, 5*n - z - 153 = c. What is the highest common factor of n and 10?
10
Let d be (9 + -4 + -4)*1*22. Calculate the highest common divisor of 99 and d.
11
Suppose 503 + 317 = 5*a. Suppose 187 + a = 3*s. Calculate the greatest common divisor of s and 13.
13
Let f(v) = 7*v**2 - 7*v - 7. Let h be f(-4). Calculate the greatest common factor of h and 38.
19
Let m be 4/(((-8)/15)/(1*-2)). Calculate the highest common divisor of m and 165.
15
Suppose 0 = -5*g + 3*l + 14, 4*g - 2*l = 3*l + 6. What is the highest common factor of 8 and g?
4
Let x = 2 - -118. Calculate the highest common divisor of 15 and x.
15
Suppose -72 + 12 = -12*s. What is the highest common factor of 5 and s?
5
Let k = 0 - -4. Calculate the greatest common factor of 4 and k.
4
Let t(l) = -3*l + 3. Let z be t(-3). What is the greatest common divisor of z and 60?
12
Suppose 5*c + 4 = -5*q + 39, -c = -q - 1. Suppose a + 2*t - 13 = c*t, 2*a = 3*t + 26. Calculate the highest common factor of 52 and a.
13
Let l be (-6)/(-4)*8*(-2)/(-12). What is the highest common factor of 5 and l?
1
Let a = 0 + 4. Let x(f) = -15*f + 5. Let k be x(-4). Suppose k = l + a*l. Calculate the highest common factor of l and 26.
13
Let i = 254 + -114. What is the greatest common divisor of i and 28?
28
Let j = 64 - 45. Calculate the highest common divisor of 57 and j.
19
Let t(m) = m**3 + 11*m**2 + 13*m + 9. Let h be t(-9). Suppose 2*g = -g + h. What is the highest common divisor of g and 2?
2
Suppose 4*j - 3*j = 5*g + 18, -5*g = 5*j + 30. Let i = j - -5. Let y be (i/9)/(1/39). What is the greatest common divisor of 52 and y?
13
Let w = -7 - -14. Let j(f) = 4 + 103*f - f**2 + 2*f**2 - 107*f. Let c be j(w). What is the greatest common divisor of 10 and c?
5
Suppose 2 = 5*f - 23. Let j be 23/f + 4/10. Suppose j*t + 18 = 2*p, -4*p + t + 18 = -0*t. What is the highest common factor of p and 32?
4
Let w be (2/(-2) - 10)*-1. Let q(g) = 10*g**2 - 4*g - 1. Let y be q(3). What is the highest common factor of w and y?
11
Let d be 0 + (-2)/((-2)/21). Suppose -5*q + x + 6 = -12, -4*q = -5*x - 27. What is the highest common divisor of q and d?
3
Let n(c) = c**2 + c - 2. Let o be n(-5). Let d = 99 - 27. What is the highest common factor of o and d?
18
Let q = -4 + 4. Suppose 3 = 2*i + 3*u, q = i - u - 0*u - 4. Suppose i*j = -4*a + 27, -5*a - 3*j = -6*j - 27. What is the greatest common factor of 30 and a?
6
Suppose 4 = r - 3. Suppose 2*k = r*k - 210. Calculate the greatest common factor of k and 28.
14
Let f(z) = -z**2 - 8*z - 6. Let a be f(-6). Suppose 0 = 3*l - 2*i - 387, 5*l + 0*i = i + 652. Let m = l - 89. Calculate the highest common factor of m and a.
6
Let l = 203 - 40. Suppose -l = -a - 53. Let n = -8 - -18. What is the highest common factor of n and a?
10
Let u(h) = -2*h**3 - 4*h**2 - 4*h - 10. Let a be u(-4). Calculate the highest common divisor of 14 and a.
14
Let g(s) = 29*s - 9. Let x be g(6). What is the greatest common divisor of x and 33?
33
Suppose -2*j - 3*j - 4*p = -131, -3*j = -3*p - 57. Calculate the highest common divisor of j and 23.
23
Suppose z - 20 = 4. Let j(u) = u**2 + 14*u + 9. Let g be j(-15). Calculate the highest common factor of g and z.
24
Let n be (231/(-4))/(2/(-8)). What is the greatest common factor of n and 33?
33
Suppose 2*u - 2*z + 3*z - 10 = 0, u + 9 = 3*z. Suppose 0 = -r - u*r. Suppose a - 7 = k, a + r*a + 4*k - 12 = 0. What is the greatest common divisor of a and 8?
8
Let v(j) = -j**3 + 5*j**2 + j - 10. Let d be v(4). Suppose 4*a + a = -4*y + 37, 5*a + 2*y = 31. What is the greatest common divisor of d and a?
5
Suppose -5*b = 5*f - 210, 2*b - 4*f = -0*b + 84. Suppose 0 = -5*t + j + 197, -b = -4*t + 5*j + 103. What is the highest common divisor of t and 10?
10
Suppose 4*x - 13 = 39. Let r be (-65)/2*(-2)/1. Calculate the greatest common divisor of r and x.
13
Suppose -4*k - 708 = -3*k. Let c be k/(-8) + (-1)/2. Calculate the greatest common divisor of 8 and c.
8
Let f = 191 - 59. Suppose -3*k = -5*a + 234, -f = -3*a - 0*k - k. Let r be 36/a*(-20)/(-1). What is the greatest common divisor of 64 and r?
16
Let z be (-1 + 4)/(3/4). Let y(l) = -l + 8. Let a be y(z). Suppose -p = -5*p - 2*u + 114, 0 = 3*p - 2*u - 82. What is the greatest common factor of p and a?
4
Let u = -31 - -43. Let w = 339 - 207. Suppose -r = -0*r - w. Calculate the greatest common divisor of u and r.
12
Let t be 0/(-2) + -1 - 6. Let k be 2 + (t - 1)/(-1). Suppose -k = -p + 10. Calculate the highest common factor of 10 and p.
10
Let n be (-9)/(-6) + 39/6. What is the highest common divisor of 8 and n?
8
Suppose 0 = -3*l - 2*l - 2*x + 80, 3*x + 87 = 4*l. Calculate the greatest common divisor of 63 and l.
9
Let t = 1 + 3. Suppose t*k - 60 = -0*k. Suppose 7 = 4*q - 173. What is the greatest common factor of k and q?
15
Suppose b = 3*h - 21, -5*h = -5*b - 16 - 29. Calculate the highest common divisor of 12 and h.
6
Suppose 5*i = 0, 6 + 0 = 2*m - 2*i. What is the highest common divisor of m and 3?
3
Let f = -15 - -11. Let p = -1 - f. Let m be (-7 - 2)/p + 5. What is the greatest common divisor of 6 and m?
2
Let b(s) = s**2 + s - 8. Let p be b(-4). What is the grea